isor of 2848 and 32?
32
What is the greatest common divisor of 496 and 176?
16
What is the greatest common factor of 6573 and 189?
21
What is the highest common factor of 87 and 12?
3
Calculate the highest common divisor of 21 and 35049.
21
Calculate the greatest common divisor of 13180 and 40.
20
What is the highest common factor of 78313 and 71?
71
Calculate the greatest common factor of 26 and 2496.
26
Calculate the greatest common factor of 4747 and 141.
47
Calculate the highest common divisor of 1189 and 116.
29
Calculate the greatest common factor of 17664 and 207.
69
Calculate the highest common divisor of 72 and 19368.
72
What is the highest common factor of 605 and 4895?
55
What is the greatest common divisor of 38 and 2774?
38
What is the highest common divisor of 78 and 3432?
78
What is the highest common factor of 2774 and 152?
38
Calculate the greatest common divisor of 329 and 21.
7
What is the greatest common divisor of 96 and 9624?
24
What is the greatest common divisor of 120 and 525?
15
Calculate the greatest common divisor of 10 and 415.
5
Calculate the greatest common factor of 35 and 42.
7
What is the greatest common factor of 308 and 448?
28
Calculate the highest common divisor of 14 and 14.
14
What is the greatest common divisor of 91 and 56?
7
Calculate the greatest common divisor of 5725 and 125.
25
Calculate the greatest common factor of 1112 and 8.
8
What is the highest common divisor of 208 and 962?
26
What is the greatest common factor of 4 and 28?
4
What is the highest common factor of 242 and 22?
22
Calculate the highest common divisor of 185 and 5.
5
Calculate the highest common factor of 154 and 22.
22
Calculate the highest common divisor of 23 and 713.
23
What is the greatest common divisor of 162 and 927?
9
Calculate the greatest common factor of 42 and 6874.
14
Calculate the greatest common divisor of 140 and 540.
20
What is the greatest common divisor of 74 and 407?
37
What is the highest common factor of 82 and 656?
82
What is the highest common divisor of 16 and 508?
4
What is the highest common factor of 8256 and 192?
192
Calculate the highest common factor of 368 and 656.
16
Calculate the greatest common factor of 32 and 656.
16
Calculate the highest common divisor of 68 and 595.
17
What is the greatest common divisor of 1128 and 4089?
141
Calculate the greatest common divisor of 1541 and 138.
23
Calculate the highest common factor of 98 and 5194.
98
Calculate the greatest common factor of 4294 and 114.
38
What is the greatest common factor of 84 and 196?
28
Calculate the greatest common divisor of 5816 and 16.
8
Calculate the greatest common factor of 189 and 21.
21
What is the highest common factor of 392 and 140?
28
What is the highest common divisor of 2361 and 3?
3
What is the greatest common divisor of 9 and 72?
9
What is the highest common factor of 490 and 392?
98
What is the highest common divisor of 645 and 1677?
129
Calculate the highest common divisor of 202 and 20402.
202
What is the highest common factor of 25 and 85?
5
What is the highest common divisor of 16 and 8?
8
What is the greatest common divisor of 89 and 3827?
89
Calculate the greatest common divisor of 7546 and 154.
154
Calculate the highest common factor of 1599 and 369.
123
Calculate the highest common factor of 308 and 28.
28
Calculate the highest common divisor of 44 and 2684.
44
Calculate the greatest common factor of 196 and 1421.
49
Calculate the greatest common factor of 3440 and 160.
80
Calculate the highest common divisor of 32 and 1168.
16
What is the greatest common factor of 21 and 53004?
21
What is the greatest common factor of 66 and 64086?
66
What is the highest common factor of 5143 and 37?
37
Calculate the greatest common factor of 84 and 399.
21
What is the greatest common divisor of 160 and 64?
32
What is the greatest common divisor of 308 and 2068?
44
Calculate the greatest common divisor of 45 and 120.
15
Calculate the highest common factor of 3658 and 236.
118
What is the greatest common divisor of 60 and 1790?
10
Calculate the highest common factor of 31 and 589.
31
What is the highest common divisor of 800 and 100?
100
Calculate the highest common factor of 189 and 81.
27
What is the greatest common divisor of 3007 and 62?
31
Calculate the highest common divisor of 16039 and 258.
43
What is the greatest common divisor of 4797 and 234?
117
What is the highest common divisor of 60 and 4128?
12
What is the highest common divisor of 1032 and 384?
24
What is the highest common factor of 42 and 224?
14
Calculate the highest common divisor of 716 and 8.
4
Calculate the highest common factor of 330 and 25.
5
Calculate the greatest common factor of 92 and 437.
23
Calculate the greatest common divisor of 15 and 405.
15
What is the highest common divisor of 11220 and 11?
11
What is the greatest common divisor of 36 and 63?
9
What is the greatest common divisor of 1316 and 70?
14
Calculate the greatest common factor of 938 and 14.
14
What is the greatest common divisor of 2244 and 165?
33
Calculate the greatest common divisor of 6 and 21.
3
Calculate the highest common factor of 21 and 12.
3
Calculate the highest common divisor of 6 and 8718.
6
Calculate the highest common factor of 378 and 1050.
42
What is the greatest common divisor of 1095 and 15?
15
What is the greatest common divisor of 20 and 5230?
10
Calculate the greatest common divisor of 434 and 182.
14
Calculate the greatest common divisor of 54 and 1260.
18
What is the greatest common divisor of 26 and 122044?
26
Calculate the highest common factor of 13 and 1469.
13
Calculate the greatest common factor of 14544 and 1152.
144
Calculate the highest common divisor of 37 and 53761.
37
What is the greatest common divisor of 973 and 14?
7
What is the greatest common factor of 160 and 192?
32
What is the greatest common factor of 485 and 15?
5
What is the greatest common factor of 1284 and 24?
12
Calculate the highest common factor of 21 and 47901.
21
What is the highest common divisor of 52 and 2587?
13
Calculate the highest common divisor of 324 and 132.
12
Calculate the greatest common divisor of 234 and 27.
9
What is the greatest common factor of 356 and 801?
89
What is the greatest common factor of 104 and 416?
104
Calculate the highest common divisor of 73 and 73.
73
Calculate the greatest common divisor of 80 and 7472.
16
What is the greatest common divisor of 6 and 9?
3
What is the greatest common divisor of 1417 and 13?
13
Calculate the highest common factor of 304 and 3572.
76
What is the greatest common factor of 1008 and 112?
112
What is the highest common divisor of 8 and 184?
8
What is the greatest common divisor of 122 and 61?
61
What is the highest common factor of 901 and 583?
53
What is the highest common factor of 472 and 84?
4
Calculate the highest common divisor of 8 and 7.
1
What is the highest common factor of 2550 and 45?
15
Calculate the greatest common factor of 5537 and 7.
7
Calculate the greatest common factor of 442 and 39.
13
Calculate the greatest common factor of 680 and 8024.
136
Calculate the greatest common factor of 63 and 15036.
21
Calculate the greatest common factor of 5895 and 131.
131
Calculate the highest common factor of 329 and 7.
7
What is the highest common factor of 222 and 18?
6
Calculate the highest common divisor of 332 and 8.
4
What is the greatest common divisor of 1496 and 1298?
22
Calculate the greatest common factor of 1608 and 32.
8
Calculate the highest common factor of 30653 and 203.
203
What is the highest common divisor of 9600 and 225?
75
Calculate the highest common divisor of 2461 and 69.
23
Calculate the highest common factor of 166 and 6059.
83
Calculate the greatest common factor of 26 and 442.
26
Calculate the greatest common factor of 1053 and 6.
3
Calculate the greatest common factor of 30 and 51690.
30
What is the greatest common divisor of 72 and 264?
24
Calculate the highest common factor of 195 and 15.
15
What is the greatest common divisor of 2 and 18?
2
Calculate the highest common factor of 12209 and 29.
29
Calculate the greatest common factor of 1428 and 182.
14
Calculate the highest common divisor of 64 and 8.
8
Calculate the highest common divisor of 34 and 2.
2
What is the gre